{"id":24,"date":"2026-02-08T18:39:10","date_gmt":"2026-02-08T18:39:10","guid":{"rendered":"http:\/\/renove-toitures.fr\/?page_id=24"},"modified":"2026-02-09T18:13:28","modified_gmt":"2026-02-09T18:13:28","slug":"ravalement-facade-peinture-exterieure-saint-fargeau-ponthierry","status":"publish","type":"page","link":"https:\/\/renove-toitures.fr\/index.php\/ravalement-facade-peinture-exterieure-saint-fargeau-ponthierry\/","title":{"rendered":"Ravalement de fa\u00e7ade"},"content":{"rendered":"\n<div class=\"wp-block-cover alignfull is-light\" style=\"min-height:419px;aspect-ratio:unset;\"><img loading=\"lazy\" decoding=\"async\" width=\"1024\" height=\"768\" class=\"wp-block-cover__image-background wp-image-88 size-large\" alt=\"\" src=\"https:\/\/renove-toitures.fr\/wp-content\/uploads\/2026\/02\/ravalement-facade-77-1024x768.webp\" data-object-fit=\"cover\" srcset=\"https:\/\/renove-toitures.fr\/wp-content\/uploads\/2026\/02\/ravalement-facade-77-1024x768.webp 1024w, https:\/\/renove-toitures.fr\/wp-content\/uploads\/2026\/02\/ravalement-facade-77-300x225.webp 300w, https:\/\/renove-toitures.fr\/wp-content\/uploads\/2026\/02\/ravalement-facade-77-768x576.webp 768w, https:\/\/renove-toitures.fr\/wp-content\/uploads\/2026\/02\/ravalement-facade-77-1536x1152.webp 1536w, https:\/\/renove-toitures.fr\/wp-content\/uploads\/2026\/02\/ravalement-facade-77.webp 1600w\" sizes=\"auto, (max-width: 1024px) 100vw, 1024px\" \/><span aria-hidden=\"true\" class=\"wp-block-cover__background has-background-dim-30 has-background-dim\" style=\"background-color:#a5a399\"><\/span><div class=\"wp-block-cover__inner-container has-global-padding is-layout-constrained wp-container-core-cover-is-layout-4383d167 wp-block-cover-is-layout-constrained\">\n<h2 class=\"wp-block-heading has-text-align-center has-text-color has-link-color has-suranna-font-family wp-elements-66096db2d321f9a59c31411ac0cb8f31\" style=\"color:#ffffff;font-size:clamp(24.034px, 1.502rem + ((1vw - 3.2px) * 1.814), 40px);font-style:normal;font-weight:500\">Ravalement de Fa\u00e7ade &amp; Nettoyage ext\u00e9rieur \u00e0 Saint-Fargeau-Ponthierry<\/h2>\n\n\n\n<p class=\"has-text-color has-link-color wp-elements-3276678af9af510935a5ea5f4e4227e3\" style=\"color:#f6f0f0\"><strong>RENOVE TOITURE assure le ravalement de vos fa\u00e7ades \u00e0 Saint-Fargeau-Ponthierry et en Seine-et-Marne. Nettoyage, r\u00e9paration de fissures, enduits et peinture. Devis gratuit au 06 50 87 54 83.<\/strong><\/p>\n<\/div><\/div>\n\n\n\n<div class=\"wp-block-group alignfull has-global-padding is-layout-constrained wp-container-core-group-is-layout-4383d167 wp-block-group-is-layout-constrained\">\n<div class=\"wp-block-group alignwide has-global-padding is-layout-constrained wp-container-core-group-is-layout-a62fa364 wp-block-group-is-layout-constrained\" style=\"margin-top:0;margin-bottom:0;padding-top:0px;padding-bottom:0px\">\n<div class=\"wp-block-columns alignwide is-layout-flex wp-container-core-columns-is-layout-9cf8123d wp-block-columns-is-layout-flex\">\n<div class=\"wp-block-column is-layout-flow wp-block-column-is-layout-flow\">\n<figure class=\"wp-block-image size-full\"><img loading=\"lazy\" decoding=\"async\" width=\"735\" height=\"737\" src=\"https:\/\/renove-toitures.fr\/wp-content\/uploads\/2026\/02\/Nettoyage-facade.jpeg\" alt=\"\" class=\"wp-image-211\" style=\"aspect-ratio:4\/3;object-fit:cover\" srcset=\"https:\/\/renove-toitures.fr\/wp-content\/uploads\/2026\/02\/Nettoyage-facade.jpeg 735w, https:\/\/renove-toitures.fr\/wp-content\/uploads\/2026\/02\/Nettoyage-facade-300x300.jpeg 300w, https:\/\/renove-toitures.fr\/wp-content\/uploads\/2026\/02\/Nettoyage-facade-150x150.jpeg 150w\" sizes=\"auto, (max-width: 735px) 100vw, 735px\" \/><\/figure>\n<\/div>\n\n\n\n<div class=\"wp-block-column is-vertically-aligned-center is-layout-flow wp-block-column-is-layout-flow\" style=\"padding-left:15px\">\n<h2 class=\"wp-block-heading has-text-color has-link-color has-suranna-font-family wp-elements-0c3217ae9a09766f1df388c9113a73da\" style=\"color:#000000;font-size:clamp(24.034px, 1.502rem + ((1vw - 3.2px) * 1.814), 40px);font-style:normal;font-weight:500;line-height:1\">Ravalement de Fa\u00e7ade \u00e0 Saint-Fargeau-Ponthierry : Valorisez votre Patrimoine<\/h2>\n\n\n\n<p class=\"has-text-color has-link-color has-outfit-font-family wp-elements-9d9185c2eeed79b8485671b250c85b04\" style=\"color:#000000;font-size:clamp(14px, 0.875rem + ((1vw - 3.2px) * 0.455), 18px);font-style:normal;font-weight:400\">Au fil des ann\u00e9es, les fa\u00e7ades subissent les assauts de la pollution, des intemp\u00e9ries et de l&rsquo;humidit\u00e9. <strong>RENOVE TOITURE<\/strong> intervient \u00e0 <strong>Saint-Fargeau-Ponthierry (77)<\/strong> pour redonner \u00e9clat et protection \u00e0 vos murs ext\u00e9rieurs. Un ravalement n&rsquo;est pas qu&rsquo;esth\u00e9tique : il prot\u00e8ge votre structure contre les infiltrations.<\/p>\n\n\n\n<div class=\"wp-block-buttons is-content-justification-center is-layout-flex wp-container-core-buttons-is-layout-a89b3969 wp-block-buttons-is-layout-flex\">\n<div class=\"wp-block-button\"><a class=\"wp-block-button__link has-text-color has-background has-link-color has-outfit-font-family has-custom-font-size wp-element-button\" href=\"https:\/\/renove-toitures.fr\/index.php\/contact\/\" style=\"border-radius:0px;color:#ffffff;background-color:#528d8e;padding-top:8px;padding-right:60px;padding-bottom:8px;padding-left:60px;font-size:clamp(14px, 0.875rem + ((1vw - 3.2px) * 0.455), 18px);\">Demande de devis <\/a><\/div>\n<\/div>\n<\/div>\n<\/div>\n\n\n\n<div class=\"wp-block-columns alignwide is-layout-flex wp-container-core-columns-is-layout-5c495cf8 wp-block-columns-is-layout-flex\" style=\"padding-top:0px;padding-bottom:0px\">\n<div class=\"wp-block-column is-vertically-aligned-center is-layout-flow wp-block-column-is-layout-flow\" style=\"padding-right:15px\">\n<h2 class=\"wp-block-heading has-text-color has-link-color has-suranna-font-family wp-elements-f4da7c2f97711dbf66fbdaa2eef1c6f4\" style=\"color:#000000;font-size:clamp(24.034px, 1.502rem + ((1vw - 3.2px) * 1.814), 40px);font-style:normal;font-weight:500;line-height:1\">Ravalement de fa\u00e7ade pour maisons<\/h2>\n\n\n\n<p class=\"has-text-color has-link-color has-outfit-font-family wp-elements-e92927a4dafd398f34f909efa908edbd\" style=\"color:#000000;font-size:clamp(14px, 0.875rem + ((1vw - 3.2px) * 0.455), 18px);font-style:normal;font-weight:400\">RENOVE TOITURE vous accompagne pour tous vos&nbsp;<strong>travaux de ravalement de fa\u00e7ade \u00e0 Saint-Fargeau-Ponthierry (77)<\/strong>. Le ravalement permet de prot\u00e9ger durablement votre fa\u00e7ade tout en am\u00e9liorant l\u2019esth\u00e9tique et la valeur de votre bien immobilier.<\/p>\n\n\n\n<p style=\"font-size:clamp(14.642px, 0.915rem + ((1vw - 3.2px) * 0.836), 22px);\">Nos prestations de ravalement comprennent :<\/p>\n\n\n\n<ul class=\"wp-block-list\">\n<li>Traitement hydrofuge et anti-mousse<\/li>\n\n\n\n<li>Nettoyage et d\u00e9capage de fa\u00e7ade<\/li>\n\n\n\n<li>Traitement des fissures et microfissures<\/li>\n\n\n\n<li>R\u00e9paration des enduits d\u00e9grad\u00e9s<\/li>\n\n\n\n<li>Application d\u2019enduit projet\u00e9, taloch\u00e9 ou gratt\u00e9<\/li>\n<\/ul>\n\n\n\n<div class=\"wp-block-buttons is-content-justification-center is-layout-flex wp-container-core-buttons-is-layout-a89b3969 wp-block-buttons-is-layout-flex\">\n<div class=\"wp-block-button\"><a class=\"wp-block-button__link has-text-color has-background has-link-color has-outfit-font-family has-custom-font-size wp-element-button\" href=\"https:\/\/renove-toitures.fr\/index.php\/contact\/\" style=\"border-radius:0px;color:#ffffff;background-color:#528d8e;padding-top:8px;padding-right:60px;padding-bottom:8px;padding-left:60px;font-size:clamp(14px, 0.875rem + ((1vw - 3.2px) * 0.455), 18px);\">Devis gratuit<\/a><\/div>\n<\/div>\n<\/div>\n\n\n\n<div class=\"wp-block-column is-layout-flow wp-block-column-is-layout-flow\">\n<figure class=\"wp-block-image size-full\"><img loading=\"lazy\" decoding=\"async\" width=\"735\" height=\"413\" src=\"https:\/\/renove-toitures.fr\/wp-content\/uploads\/2026\/02\/Avant_Apres-_-Le-Resultat-du-Demoussage-.jpeg\" alt=\"\" class=\"wp-image-213\" style=\"aspect-ratio:4\/3;object-fit:cover\" srcset=\"https:\/\/renove-toitures.fr\/wp-content\/uploads\/2026\/02\/Avant_Apres-_-Le-Resultat-du-Demoussage-.jpeg 735w, https:\/\/renove-toitures.fr\/wp-content\/uploads\/2026\/02\/Avant_Apres-_-Le-Resultat-du-Demoussage--300x169.jpeg 300w\" sizes=\"auto, (max-width: 735px) 100vw, 735px\" \/><\/figure>\n<\/div>\n<\/div>\n\n\n\n<div class=\"wp-block-columns alignwide is-layout-flex wp-container-core-columns-is-layout-9cf8123d wp-block-columns-is-layout-flex\">\n<div class=\"wp-block-column is-layout-flow wp-block-column-is-layout-flow\">\n<figure class=\"wp-block-image size-full\"><img loading=\"lazy\" decoding=\"async\" width=\"736\" height=\"828\" src=\"https:\/\/renove-toitures.fr\/wp-content\/uploads\/2026\/02\/Ravalement-de-facade-77-1.jpeg\" alt=\"\" class=\"wp-image-212\" style=\"aspect-ratio:4\/3;object-fit:cover\" srcset=\"https:\/\/renove-toitures.fr\/wp-content\/uploads\/2026\/02\/Ravalement-de-facade-77-1.jpeg 736w, https:\/\/renove-toitures.fr\/wp-content\/uploads\/2026\/02\/Ravalement-de-facade-77-1-267x300.jpeg 267w\" sizes=\"auto, (max-width: 736px) 100vw, 736px\" \/><\/figure>\n<\/div>\n\n\n\n<div class=\"wp-block-column is-vertically-aligned-center is-layout-flow wp-block-column-is-layout-flow\" style=\"padding-left:15px\">\n<h2 class=\"wp-block-heading has-text-color has-link-color has-suranna-font-family wp-elements-0cef72b8318943968a5f28f873c0ec18\" style=\"color:#000000;font-size:clamp(24.034px, 1.502rem + ((1vw - 3.2px) * 1.814), 40px);font-style:normal;font-weight:500;line-height:1\">Nos prestations de ravalement en Seine-et-Marne (77)<\/h2>\n\n\n\n<p class=\"has-text-color has-link-color has-outfit-font-family wp-elements-218c59d4a0c94487d2c37b440c45471b\" style=\"color:#000000;font-size:clamp(14px, 0.875rem + ((1vw - 3.2px) * 0.455), 18px);font-style:normal;font-weight:400\">Nous adaptons nos techniques selon le support (pierre, brique, parpaing ou enduit) et l&rsquo;\u00e9tat de vos murs :<\/p>\n\n\n\n<ul class=\"wp-block-list\">\n<li><strong>Traitement Hydrofuge :<\/strong> Application d&rsquo;une protection invisible qui laisse respirer le mur tout en emp\u00eachant l&rsquo;eau de p\u00e9n\u00e9trer.<\/li>\n\n\n\n<li><strong>Nettoyage et d\u00e9capage :<\/strong> \u00c9limination des mousses, traces de pollution et salissures rouges\/noires par haute pression ou traitement chimique curatif.<\/li>\n\n\n\n<li><strong>R\u00e9paration des fissures :<\/strong> Sondage des murs et traitement des micro-fissures pour garantir l&rsquo;\u00e9tanch\u00e9it\u00e9 de la fa\u00e7ade.<\/li>\n\n\n\n<li><strong>Peinture et rev\u00eatements :<\/strong> Application de peintures ext\u00e9rieures professionnelles, films minces ou rev\u00eatements semi-\u00e9pais pour une finition durable.<\/li>\n<\/ul>\n<\/div>\n<\/div>\n<\/div>\n<\/div>\n\n\n\n<section class=\"wp-block-cover alignfull\" style=\"margin-top:0px;padding-top:1.01rem;padding-bottom:1.01rem;min-height:750px;aspect-ratio:unset;\"><img loading=\"lazy\" decoding=\"async\" width=\"1024\" height=\"687\" class=\"wp-block-cover__image-background wp-image-179 size-large\" alt=\"\" src=\"https:\/\/renove-toitures.fr\/wp-content\/uploads\/2026\/02\/Pose-de-fenetre-1024x687.webp\" data-object-fit=\"cover\" srcset=\"https:\/\/renove-toitures.fr\/wp-content\/uploads\/2026\/02\/Pose-de-fenetre-1024x687.webp 1024w, https:\/\/renove-toitures.fr\/wp-content\/uploads\/2026\/02\/Pose-de-fenetre-300x201.webp 300w, https:\/\/renove-toitures.fr\/wp-content\/uploads\/2026\/02\/Pose-de-fenetre-768x515.webp 768w, https:\/\/renove-toitures.fr\/wp-content\/uploads\/2026\/02\/Pose-de-fenetre.webp 1200w\" sizes=\"auto, (max-width: 1024px) 100vw, 1024px\" \/><span aria-hidden=\"true\" class=\"wp-block-cover__background has-background-dim-0 has-background-dim\" style=\"background-color:#edf1f2\"><\/span><div class=\"wp-block-cover__inner-container has-global-padding is-layout-constrained wp-container-core-cover-is-layout-08e95c49 wp-block-cover-is-layout-constrained\">\n<div class=\"wp-block-group is-vertical is-content-justification-center is-nowrap is-layout-flex wp-container-core-group-is-layout-36c4bdba wp-block-group-is-layout-flex\" style=\"margin-top:0px;padding-top:0rem;padding-right:1rem;padding-bottom:0rem;padding-left:1rem;font-size:clamp(0.875rem, 0.875rem + ((1vw - 0.2rem) * 0.464), 1.13rem);font-style:normal;font-weight:400;line-height:1.4\">\n<div class=\"wp-block-group has-background has-global-padding is-layout-constrained wp-container-core-group-is-layout-1a95df51 wp-block-group-is-layout-constrained\" style=\"background-color:#fffffd;padding-top:4.21rem;padding-right:2.51rem;padding-bottom:4.51rem;padding-left:2.51rem\">\n<h2 class=\"wp-block-heading has-text-align-center has-text-color\" style=\"color:#010101;margin-bottom:0rem;font-size:clamp(1.25rem, 1.25rem + ((1vw - 0.2rem) * 1.364), 2rem);font-style:normal;font-weight:400;line-height:1.2\">Pourquoi choisir RENOVE TOITURE pour vos murs ?<\/h2>\n\n\n\n<p class=\"has-text-align-center has-text-color\" style=\"color:#010101;font-size:clamp(0.875rem, 0.875rem + ((1vw - 0.2rem) * 0.609), 1.21rem);line-height:1.5\">En tant qu&rsquo;experts de la toiture et de la ma\u00e7onnerie \u00e0 <strong>Saint-Fargeau-Ponthierry<\/strong>, nous avons une vision globale de l&rsquo;\u00e9tanch\u00e9it\u00e9 de votre maison. Un bon ravalement, coupl\u00e9 \u00e0 une toiture saine, garantit une isolation et une protection optimale contre l&rsquo;humidit\u00e9.<\/p>\n<\/div>\n<\/div>\n<\/div><\/section>\n","protected":false},"excerpt":{"rendered":"<p>Ravalement de Fa\u00e7ade \u00e0 Saint-Fargeau-Ponthierry : Valorisez votre Patrimoine Au fil des ann\u00e9es, les fa\u00e7ades subissent les assauts de la pollution, des intemp\u00e9ries et de l&rsquo;humidit\u00e9. RENOVE TOITURE intervient \u00e0 Saint-Fargeau-Ponthierry (77) pour redonner \u00e9clat et protection \u00e0 vos murs ext\u00e9rieurs. Un ravalement n&rsquo;est pas qu&rsquo;esth\u00e9tique : il prot\u00e8ge votre structure contre les infiltrations. Ravalement [&hellip;]<\/p>\n","protected":false},"author":1,"featured_media":0,"parent":0,"menu_order":0,"comment_status":"closed","ping_status":"closed","template":"","meta":{"footnotes":""},"class_list":["post-24","page","type-page","status-publish","hentry"],"yoast_head":"<!-- This site is optimized with the Yoast SEO plugin v26.9 - https:\/\/yoast.com\/product\/yoast-seo-wordpress\/ -->\n<title>Ravalement de fa\u00e7ade - Renove toiture<\/title>\n<meta name=\"description\" content=\"Ravalement de fa\u00e7ade et peinture ext\u00e9rieure \u00e0 Saint-Fargeau-Ponthierry (77). Protection, esth\u00e9tique et valorisation du b\u00e2timent.\" \/>\n<meta name=\"robots\" content=\"index, follow, max-snippet:-1, max-image-preview:large, max-video-preview:-1\" \/>\n<link rel=\"canonical\" href=\"https:\/\/renove-toitures.fr\/index.php\/ravalement-facade-peinture-exterieure-saint-fargeau-ponthierry\/\" \/>\n<meta property=\"og:locale\" content=\"fr_FR\" \/>\n<meta property=\"og:type\" content=\"article\" \/>\n<meta property=\"og:title\" content=\"Ravalement de fa\u00e7ade - Renove toiture\" \/>\n<meta property=\"og:description\" content=\"Ravalement de fa\u00e7ade et peinture ext\u00e9rieure \u00e0 Saint-Fargeau-Ponthierry (77). Protection, esth\u00e9tique et valorisation du b\u00e2timent.\" \/>\n<meta property=\"og:url\" content=\"https:\/\/renove-toitures.fr\/index.php\/ravalement-facade-peinture-exterieure-saint-fargeau-ponthierry\/\" \/>\n<meta property=\"og:site_name\" content=\"Renove toiture\" \/>\n<meta property=\"article:modified_time\" content=\"2026-02-09T18:13:28+00:00\" \/>\n<meta property=\"og:image\" content=\"http:\/\/renove-toitures.fr\/wp-content\/uploads\/2026\/02\/ravalement-facade-77-1024x768.webp\" \/>\n<meta name=\"twitter:card\" content=\"summary_large_image\" \/>\n<meta name=\"twitter:label1\" content=\"Dur\u00e9e de lecture estim\u00e9e\" \/>\n\t<meta name=\"twitter:data1\" content=\"3 minutes\" \/>\n<script type=\"application\/ld+json\" class=\"yoast-schema-graph\">{\"@context\":\"https:\/\/schema.org\",\"@graph\":[{\"@type\":\"WebPage\",\"@id\":\"https:\/\/renove-toitures.fr\/index.php\/ravalement-facade-peinture-exterieure-saint-fargeau-ponthierry\/\",\"url\":\"https:\/\/renove-toitures.fr\/index.php\/ravalement-facade-peinture-exterieure-saint-fargeau-ponthierry\/\",\"name\":\"Ravalement de fa\u00e7ade - Renove toiture\",\"isPartOf\":{\"@id\":\"https:\/\/renove-toitures.fr\/#website\"},\"primaryImageOfPage\":{\"@id\":\"https:\/\/renove-toitures.fr\/index.php\/ravalement-facade-peinture-exterieure-saint-fargeau-ponthierry\/#primaryimage\"},\"image\":{\"@id\":\"https:\/\/renove-toitures.fr\/index.php\/ravalement-facade-peinture-exterieure-saint-fargeau-ponthierry\/#primaryimage\"},\"thumbnailUrl\":\"http:\/\/renove-toitures.fr\/wp-content\/uploads\/2026\/02\/ravalement-facade-77-1024x768.webp\",\"datePublished\":\"2026-02-08T18:39:10+00:00\",\"dateModified\":\"2026-02-09T18:13:28+00:00\",\"description\":\"Ravalement de fa\u00e7ade et peinture ext\u00e9rieure \u00e0 Saint-Fargeau-Ponthierry (77). Protection, esth\u00e9tique et valorisation du b\u00e2timent.\",\"breadcrumb\":{\"@id\":\"https:\/\/renove-toitures.fr\/index.php\/ravalement-facade-peinture-exterieure-saint-fargeau-ponthierry\/#breadcrumb\"},\"inLanguage\":\"fr-FR\",\"potentialAction\":[{\"@type\":\"ReadAction\",\"target\":[\"https:\/\/renove-toitures.fr\/index.php\/ravalement-facade-peinture-exterieure-saint-fargeau-ponthierry\/\"]}]},{\"@type\":\"ImageObject\",\"inLanguage\":\"fr-FR\",\"@id\":\"https:\/\/renove-toitures.fr\/index.php\/ravalement-facade-peinture-exterieure-saint-fargeau-ponthierry\/#primaryimage\",\"url\":\"http:\/\/renove-toitures.fr\/wp-content\/uploads\/2026\/02\/ravalement-facade-77-1024x768.webp\",\"contentUrl\":\"http:\/\/renove-toitures.fr\/wp-content\/uploads\/2026\/02\/ravalement-facade-77-1024x768.webp\"},{\"@type\":\"BreadcrumbList\",\"@id\":\"https:\/\/renove-toitures.fr\/index.php\/ravalement-facade-peinture-exterieure-saint-fargeau-ponthierry\/#breadcrumb\",\"itemListElement\":[{\"@type\":\"ListItem\",\"position\":1,\"name\":\"Accueil\",\"item\":\"https:\/\/renove-toitures.fr\/\"},{\"@type\":\"ListItem\",\"position\":2,\"name\":\"Ravalement de fa\u00e7ade\"}]},{\"@type\":\"WebSite\",\"@id\":\"https:\/\/renove-toitures.fr\/#website\",\"url\":\"https:\/\/renove-toitures.fr\/\",\"name\":\"Renove toiture\",\"description\":\"RENOVE TOITURE, des toits durables, un savoir-faire fiable\",\"publisher\":{\"@id\":\"https:\/\/renove-toitures.fr\/#organization\"},\"potentialAction\":[{\"@type\":\"SearchAction\",\"target\":{\"@type\":\"EntryPoint\",\"urlTemplate\":\"https:\/\/renove-toitures.fr\/?s={search_term_string}\"},\"query-input\":{\"@type\":\"PropertyValueSpecification\",\"valueRequired\":true,\"valueName\":\"search_term_string\"}}],\"inLanguage\":\"fr-FR\"},{\"@type\":\"Organization\",\"@id\":\"https:\/\/renove-toitures.fr\/#organization\",\"name\":\"Renove toiture\",\"url\":\"https:\/\/renove-toitures.fr\/\",\"logo\":{\"@type\":\"ImageObject\",\"inLanguage\":\"fr-FR\",\"@id\":\"https:\/\/renove-toitures.fr\/#\/schema\/logo\/image\/\",\"url\":\"https:\/\/renove-toitures.fr\/wp-content\/uploads\/2026\/01\/Logo-elegant-pour-Renove-Toiture.png\",\"contentUrl\":\"https:\/\/renove-toitures.fr\/wp-content\/uploads\/2026\/01\/Logo-elegant-pour-Renove-Toiture.png\",\"width\":1024,\"height\":1024,\"caption\":\"Renove toiture\"},\"image\":{\"@id\":\"https:\/\/renove-toitures.fr\/#\/schema\/logo\/image\/\"}}]}<\/script>\n<!-- \/ Yoast SEO plugin. -->","yoast_head_json":{"title":"Ravalement de fa\u00e7ade - Renove toiture","description":"Ravalement de fa\u00e7ade et peinture ext\u00e9rieure \u00e0 Saint-Fargeau-Ponthierry (77). Protection, esth\u00e9tique et valorisation du b\u00e2timent.","robots":{"index":"index","follow":"follow","max-snippet":"max-snippet:-1","max-image-preview":"max-image-preview:large","max-video-preview":"max-video-preview:-1"},"canonical":"https:\/\/renove-toitures.fr\/index.php\/ravalement-facade-peinture-exterieure-saint-fargeau-ponthierry\/","og_locale":"fr_FR","og_type":"article","og_title":"Ravalement de fa\u00e7ade - Renove toiture","og_description":"Ravalement de fa\u00e7ade et peinture ext\u00e9rieure \u00e0 Saint-Fargeau-Ponthierry (77). Protection, esth\u00e9tique et valorisation du b\u00e2timent.","og_url":"https:\/\/renove-toitures.fr\/index.php\/ravalement-facade-peinture-exterieure-saint-fargeau-ponthierry\/","og_site_name":"Renove toiture","article_modified_time":"2026-02-09T18:13:28+00:00","og_image":[{"url":"http:\/\/renove-toitures.fr\/wp-content\/uploads\/2026\/02\/ravalement-facade-77-1024x768.webp","type":"","width":"","height":""}],"twitter_card":"summary_large_image","twitter_misc":{"Dur\u00e9e de lecture estim\u00e9e":"3 minutes"},"schema":{"@context":"https:\/\/schema.org","@graph":[{"@type":"WebPage","@id":"https:\/\/renove-toitures.fr\/index.php\/ravalement-facade-peinture-exterieure-saint-fargeau-ponthierry\/","url":"https:\/\/renove-toitures.fr\/index.php\/ravalement-facade-peinture-exterieure-saint-fargeau-ponthierry\/","name":"Ravalement de fa\u00e7ade - Renove toiture","isPartOf":{"@id":"https:\/\/renove-toitures.fr\/#website"},"primaryImageOfPage":{"@id":"https:\/\/renove-toitures.fr\/index.php\/ravalement-facade-peinture-exterieure-saint-fargeau-ponthierry\/#primaryimage"},"image":{"@id":"https:\/\/renove-toitures.fr\/index.php\/ravalement-facade-peinture-exterieure-saint-fargeau-ponthierry\/#primaryimage"},"thumbnailUrl":"http:\/\/renove-toitures.fr\/wp-content\/uploads\/2026\/02\/ravalement-facade-77-1024x768.webp","datePublished":"2026-02-08T18:39:10+00:00","dateModified":"2026-02-09T18:13:28+00:00","description":"Ravalement de fa\u00e7ade et peinture ext\u00e9rieure \u00e0 Saint-Fargeau-Ponthierry (77). Protection, esth\u00e9tique et valorisation du b\u00e2timent.","breadcrumb":{"@id":"https:\/\/renove-toitures.fr\/index.php\/ravalement-facade-peinture-exterieure-saint-fargeau-ponthierry\/#breadcrumb"},"inLanguage":"fr-FR","potentialAction":[{"@type":"ReadAction","target":["https:\/\/renove-toitures.fr\/index.php\/ravalement-facade-peinture-exterieure-saint-fargeau-ponthierry\/"]}]},{"@type":"ImageObject","inLanguage":"fr-FR","@id":"https:\/\/renove-toitures.fr\/index.php\/ravalement-facade-peinture-exterieure-saint-fargeau-ponthierry\/#primaryimage","url":"http:\/\/renove-toitures.fr\/wp-content\/uploads\/2026\/02\/ravalement-facade-77-1024x768.webp","contentUrl":"http:\/\/renove-toitures.fr\/wp-content\/uploads\/2026\/02\/ravalement-facade-77-1024x768.webp"},{"@type":"BreadcrumbList","@id":"https:\/\/renove-toitures.fr\/index.php\/ravalement-facade-peinture-exterieure-saint-fargeau-ponthierry\/#breadcrumb","itemListElement":[{"@type":"ListItem","position":1,"name":"Accueil","item":"https:\/\/renove-toitures.fr\/"},{"@type":"ListItem","position":2,"name":"Ravalement de fa\u00e7ade"}]},{"@type":"WebSite","@id":"https:\/\/renove-toitures.fr\/#website","url":"https:\/\/renove-toitures.fr\/","name":"Renove toiture","description":"RENOVE TOITURE, des toits durables, un savoir-faire fiable","publisher":{"@id":"https:\/\/renove-toitures.fr\/#organization"},"potentialAction":[{"@type":"SearchAction","target":{"@type":"EntryPoint","urlTemplate":"https:\/\/renove-toitures.fr\/?s={search_term_string}"},"query-input":{"@type":"PropertyValueSpecification","valueRequired":true,"valueName":"search_term_string"}}],"inLanguage":"fr-FR"},{"@type":"Organization","@id":"https:\/\/renove-toitures.fr\/#organization","name":"Renove toiture","url":"https:\/\/renove-toitures.fr\/","logo":{"@type":"ImageObject","inLanguage":"fr-FR","@id":"https:\/\/renove-toitures.fr\/#\/schema\/logo\/image\/","url":"https:\/\/renove-toitures.fr\/wp-content\/uploads\/2026\/01\/Logo-elegant-pour-Renove-Toiture.png","contentUrl":"https:\/\/renove-toitures.fr\/wp-content\/uploads\/2026\/01\/Logo-elegant-pour-Renove-Toiture.png","width":1024,"height":1024,"caption":"Renove toiture"},"image":{"@id":"https:\/\/renove-toitures.fr\/#\/schema\/logo\/image\/"}}]}},"_links":{"self":[{"href":"https:\/\/renove-toitures.fr\/index.php\/wp-json\/wp\/v2\/pages\/24","targetHints":{"allow":["GET"]}}],"collection":[{"href":"https:\/\/renove-toitures.fr\/index.php\/wp-json\/wp\/v2\/pages"}],"about":[{"href":"https:\/\/renove-toitures.fr\/index.php\/wp-json\/wp\/v2\/types\/page"}],"author":[{"embeddable":true,"href":"https:\/\/renove-toitures.fr\/index.php\/wp-json\/wp\/v2\/users\/1"}],"replies":[{"embeddable":true,"href":"https:\/\/renove-toitures.fr\/index.php\/wp-json\/wp\/v2\/comments?post=24"}],"version-history":[{"count":9,"href":"https:\/\/renove-toitures.fr\/index.php\/wp-json\/wp\/v2\/pages\/24\/revisions"}],"predecessor-version":[{"id":241,"href":"https:\/\/renove-toitures.fr\/index.php\/wp-json\/wp\/v2\/pages\/24\/revisions\/241"}],"wp:attachment":[{"href":"https:\/\/renove-toitures.fr\/index.php\/wp-json\/wp\/v2\/media?parent=24"}],"curies":[{"name":"wp","href":"https:\/\/api.w.org\/{rel}","templated":true}]}}