{"id":34,"date":"2026-02-08T18:47:29","date_gmt":"2026-02-08T18:47:29","guid":{"rendered":"http:\/\/renove-toitures.fr\/?page_id=34"},"modified":"2026-02-09T18:12:26","modified_gmt":"2026-02-09T18:12:26","slug":"pose-gouttiere-saint-fargeau-ponthierry","status":"publish","type":"page","link":"https:\/\/renove-toitures.fr\/index.php\/pose-gouttiere-saint-fargeau-ponthierry\/","title":{"rendered":"Pose de goutti\u00e8re"},"content":{"rendered":"\n<div class=\"wp-block-cover alignfull is-light\" style=\"min-height:600px;aspect-ratio:unset;\"><img loading=\"lazy\" decoding=\"async\" width=\"1000\" height=\"700\" class=\"wp-block-cover__image-background wp-image-91 size-full\" alt=\"\" src=\"https:\/\/renove-toitures.fr\/wp-content\/uploads\/2026\/02\/Travaux-de-couverture-et-de-zinguerie-a-Saint-Fargeau-77.jpg\" data-object-fit=\"cover\" srcset=\"https:\/\/renove-toitures.fr\/wp-content\/uploads\/2026\/02\/Travaux-de-couverture-et-de-zinguerie-a-Saint-Fargeau-77.jpg 1000w, https:\/\/renove-toitures.fr\/wp-content\/uploads\/2026\/02\/Travaux-de-couverture-et-de-zinguerie-a-Saint-Fargeau-77-300x210.jpg 300w, https:\/\/renove-toitures.fr\/wp-content\/uploads\/2026\/02\/Travaux-de-couverture-et-de-zinguerie-a-Saint-Fargeau-77-768x538.jpg 768w\" sizes=\"auto, (max-width: 1000px) 100vw, 1000px\" \/><span aria-hidden=\"true\" class=\"wp-block-cover__background has-background-dim-30 has-background-dim\" style=\"background-color:#977978\"><\/span><div class=\"wp-block-cover__inner-container has-global-padding is-layout-constrained wp-container-core-cover-is-layout-4383d167 wp-block-cover-is-layout-constrained\">\n<h2 class=\"wp-block-heading has-text-align-center has-text-color has-link-color has-suranna-font-family wp-elements-7dcf51830f5e53056351e9f180826dde\" style=\"color:#ffffff;font-size:clamp(33.419px, 2.089rem + ((1vw - 3.2px) * 3.021), 60px);font-style:normal;font-weight:500\">Pose et Remplacement de Goutti\u00e8res<\/h2>\n\n\n\n<p class=\"has-text-align-center has-text-color has-link-color wp-elements-b8714dd5c0c372166ac5890c5f9d7f86\" style=\"color:#fafafa\">Sp\u00e9cialiste de la pose et du remplacement de goutti\u00e8res \u00e0 Saint-Fargeau-Ponthierry. \u00c9tanch\u00e9it\u00e9 de toiture, zinguerie et \u00e9vacuation des eaux pluviales en Seine-et-Marne. Devis gratuit.<\/p>\n<\/div><\/div>\n\n\n\n<div class=\"wp-block-group alignfull has-global-padding is-layout-constrained wp-container-core-group-is-layout-4383d167 wp-block-group-is-layout-constrained\">\n<div class=\"wp-block-group alignwide has-global-padding is-layout-constrained wp-container-core-group-is-layout-a62fa364 wp-block-group-is-layout-constrained\" style=\"margin-top:0;margin-bottom:0;padding-top:0px;padding-bottom:0px\">\n<div class=\"wp-block-columns alignwide is-layout-flex wp-container-core-columns-is-layout-9cf8123d wp-block-columns-is-layout-flex\">\n<div class=\"wp-block-column is-layout-flow wp-block-column-is-layout-flow\">\n<figure class=\"wp-block-image size-full\"><img loading=\"lazy\" decoding=\"async\" width=\"736\" height=\"883\" src=\"https:\/\/renove-toitures.fr\/wp-content\/uploads\/2026\/02\/Nettoyage-de-toiture-a-Saint-Frageau-77-1.jpeg\" alt=\"\" class=\"wp-image-184\" style=\"aspect-ratio:4\/3;object-fit:cover\" srcset=\"https:\/\/renove-toitures.fr\/wp-content\/uploads\/2026\/02\/Nettoyage-de-toiture-a-Saint-Frageau-77-1.jpeg 736w, https:\/\/renove-toitures.fr\/wp-content\/uploads\/2026\/02\/Nettoyage-de-toiture-a-Saint-Frageau-77-1-250x300.jpeg 250w\" sizes=\"auto, (max-width: 736px) 100vw, 736px\" \/><\/figure>\n<\/div>\n\n\n\n<div class=\"wp-block-column is-vertically-aligned-center is-layout-flow wp-block-column-is-layout-flow\" style=\"padding-left:15px\">\n<h2 class=\"wp-block-heading has-text-color has-link-color has-suranna-font-family wp-elements-0f3cc345e4c29a7a376adb2b4ebffda6\" style=\"color:#000000;font-size:clamp(24.034px, 1.502rem + ((1vw - 3.2px) * 1.814), 40px);font-style:normal;font-weight:500;line-height:1\">Pose et Remplacement de Goutti\u00e8res \u00e0 Saint-Fargeau-Ponthierry (77)<\/h2>\n\n\n\n<p class=\"has-text-color has-link-color has-outfit-font-family wp-elements-57992bf6588641207fa854d3eb78b9dd\" style=\"color:#000000;font-size:clamp(14px, 0.875rem + ((1vw - 3.2px) * 0.455), 18px);font-style:normal;font-weight:400\">Une \u00e9vacuation des eaux pluviales d\u00e9fectueuse peut causer des dommages graves \u00e0 votre maison : humidit\u00e9 dans les murs, infiltrations en fa\u00e7ade et fragilisation des fondations. <strong>RENOVE TOITURE<\/strong> assure l&rsquo;installation, l&rsquo;entretien et la r\u00e9paration de vos syst\u00e8mes de goutti\u00e8res \u00e0 <strong>Saint-Fargeau-Ponthierry<\/strong> et dans toute la Seine-et-Marne.<\/p>\n\n\n\n<div class=\"wp-block-buttons is-content-justification-center is-layout-flex wp-container-core-buttons-is-layout-a89b3969 wp-block-buttons-is-layout-flex\">\n<div class=\"wp-block-button\"><a class=\"wp-block-button__link has-text-color has-background has-link-color has-outfit-font-family has-custom-font-size wp-element-button\" href=\"https:\/\/renove-toitures.fr\/index.php\/contact\/\" style=\"border-radius:0px;color:#ffffff;background-color:#528d8e;padding-top:8px;padding-right:60px;padding-bottom:8px;padding-left:60px;font-size:clamp(14px, 0.875rem + ((1vw - 3.2px) * 0.455), 18px);\">Devis Gratuit<\/a><\/div>\n<\/div>\n<\/div>\n<\/div>\n\n\n\n<div class=\"wp-block-columns alignwide is-layout-flex wp-container-core-columns-is-layout-5c495cf8 wp-block-columns-is-layout-flex\" style=\"padding-top:0px;padding-bottom:0px\">\n<div class=\"wp-block-column is-vertically-aligned-center is-layout-flow wp-block-column-is-layout-flow\" style=\"padding-right:15px\">\n<h2 class=\"wp-block-heading has-text-color has-link-color has-suranna-font-family wp-elements-a8097e7e3f37d4ff0eb98085a64c5d05\" style=\"color:#000000;font-size:clamp(24.034px, 1.502rem + ((1vw - 3.2px) * 1.814), 40px);font-style:normal;font-weight:500;line-height:1\">Nos solutions pour vos descentes d&rsquo;eaux pluviales<\/h2>\n\n\n\n<p class=\"has-text-color has-link-color has-outfit-font-family wp-elements-12ce6f6dc029e9806588098b4caba3c1\" style=\"color:#000000;font-size:clamp(14px, 0.875rem + ((1vw - 3.2px) * 0.455), 18px);font-style:normal;font-weight:400\">Nous installons des syst\u00e8mes robustes et esth\u00e9tiques, adapt\u00e9s \u00e0 l&rsquo;architecture de votre habitation :<\/p>\n\n\n\n<ul class=\"wp-block-list\">\n<li><strong>Goutti\u00e8res en Aluminium :<\/strong> Modernes et sans soudures (pour limiter les risques de fuites), elles offrent une finition soign\u00e9e et contemporaine.<\/li>\n\n\n\n<li><strong>Goutti\u00e8res en Zinc :<\/strong> Le choix de la tradition et de la long\u00e9vit\u00e9. R\u00e9sistantes \u00e0 la corrosion et tr\u00e8s solides, elles sont id\u00e9ales pour les maisons de caract\u00e8re dans le 77.<\/li>\n\n\n\n<li><strong>Goutti\u00e8res en PVC :<\/strong> Une solution \u00e9conomique et disponible en plusieurs coloris pour s&rsquo;harmoniser avec votre fa\u00e7ade et vos menuiseries.<\/li>\n<\/ul>\n\n\n\n<div class=\"wp-block-buttons is-content-justification-center is-layout-flex wp-container-core-buttons-is-layout-a89b3969 wp-block-buttons-is-layout-flex\">\n<div class=\"wp-block-button\"><a class=\"wp-block-button__link has-text-color has-background has-link-color has-outfit-font-family has-custom-font-size wp-element-button\" href=\"https:\/\/renove-toitures.fr\/index.php\/contact\/\" style=\"border-radius:0px;color:#ffffff;background-color:#528d8e;padding-top:8px;padding-right:60px;padding-bottom:8px;padding-left:60px;font-size:clamp(14px, 0.875rem + ((1vw - 3.2px) * 0.455), 18px);\">Contactez-nous<\/a><\/div>\n<\/div>\n<\/div>\n\n\n\n<div class=\"wp-block-column is-layout-flow wp-block-column-is-layout-flow\">\n<figure class=\"wp-block-image size-full\"><img loading=\"lazy\" decoding=\"async\" width=\"736\" height=\"740\" src=\"https:\/\/renove-toitures.fr\/wp-content\/uploads\/2026\/02\/14.jpeg\" alt=\"nettoyage de goutti\u00e8re par Renove toiture \u00e0 saint Fargeau Ponthierry \" class=\"wp-image-77\" style=\"aspect-ratio:4\/3;object-fit:cover\" srcset=\"https:\/\/renove-toitures.fr\/wp-content\/uploads\/2026\/02\/14.jpeg 736w, https:\/\/renove-toitures.fr\/wp-content\/uploads\/2026\/02\/14-298x300.jpeg 298w, https:\/\/renove-toitures.fr\/wp-content\/uploads\/2026\/02\/14-150x150.jpeg 150w\" sizes=\"auto, (max-width: 736px) 100vw, 736px\" \/><\/figure>\n<\/div>\n<\/div>\n\n\n\n<div class=\"wp-block-columns alignwide is-layout-flex wp-container-core-columns-is-layout-9cf8123d wp-block-columns-is-layout-flex\">\n<div class=\"wp-block-column is-layout-flow wp-block-column-is-layout-flow\">\n<figure class=\"wp-block-image size-large\"><img loading=\"lazy\" decoding=\"async\" width=\"768\" height=\"1024\" src=\"https:\/\/renove-toitures.fr\/wp-content\/uploads\/2026\/02\/NETTOYAGE-DE-GOUITTIERE--768x1024.jpg\" alt=\"\" class=\"wp-image-200\" style=\"aspect-ratio:4\/3;object-fit:cover\" srcset=\"https:\/\/renove-toitures.fr\/wp-content\/uploads\/2026\/02\/NETTOYAGE-DE-GOUITTIERE--768x1024.jpg 768w, https:\/\/renove-toitures.fr\/wp-content\/uploads\/2026\/02\/NETTOYAGE-DE-GOUITTIERE--225x300.jpg 225w, https:\/\/renove-toitures.fr\/wp-content\/uploads\/2026\/02\/NETTOYAGE-DE-GOUITTIERE--1152x1536.jpg 1152w, https:\/\/renove-toitures.fr\/wp-content\/uploads\/2026\/02\/NETTOYAGE-DE-GOUITTIERE-.jpg 1200w\" sizes=\"auto, (max-width: 768px) 100vw, 768px\" \/><\/figure>\n<\/div>\n\n\n\n<div class=\"wp-block-column is-vertically-aligned-center is-layout-flow wp-block-column-is-layout-flow\" style=\"padding-left:15px\">\n<h2 class=\"wp-block-heading has-text-color has-link-color has-suranna-font-family wp-elements-b6b2ea9f9b245e68ef07649e2691ec3b\" style=\"color:#000000;font-size:clamp(24.034px, 1.502rem + ((1vw - 3.2px) * 1.814), 40px);font-style:normal;font-weight:500;line-height:1\">Nettoyage et R\u00e9paration de zinguerie dans le 77<\/h2>\n\n\n\n<p class=\"has-text-color has-link-color has-outfit-font-family wp-elements-7b4017f28c49ab20eb00e1a4048d0487\" style=\"color:#000000;font-size:clamp(14px, 0.875rem + ((1vw - 3.2px) * 0.455), 18px);font-style:normal;font-weight:400\">Vos goutti\u00e8res sont bouch\u00e9es par des feuilles mortes ou des mousses ? Une jonction fuit ? Nous intervenons rapidement \u00e0 <strong>Saint-Fargeau, Pringy, Dammarie-les-Lys et Melun<\/strong> pour :<\/p>\n\n\n\n<ul class=\"wp-block-list\">\n<li>La pose de crapaudines (grilles de protection) pour \u00e9viter les bouchons.<\/li>\n\n\n\n<li>Le curage complet de vos descentes.<\/li>\n\n\n\n<li>Le remplacement de crochets cass\u00e9s.<\/li>\n<\/ul>\n\n\n\n<div class=\"wp-block-buttons is-content-justification-center is-layout-flex wp-container-core-buttons-is-layout-ecbad910 wp-block-buttons-is-layout-flex\" style=\"padding-top:var(--wp--preset--spacing--20);padding-bottom:var(--wp--preset--spacing--20)\">\n<div class=\"wp-block-button\"><a class=\"wp-block-button__link has-text-color has-background has-link-color has-outfit-font-family has-custom-font-size wp-element-button\" href=\"https:\/\/renove-toitures.fr\/index.php\/contact\/\" style=\"border-radius:0px;color:#ffffff;background-color:#528d8e;padding-top:7px;padding-right:60px;padding-bottom:7px;padding-left:60px;font-size:clamp(14px, 0.875rem + ((1vw - 3.2px) * 0.455), 18px);\">Devis Gratuit<\/a><\/div>\n<\/div>\n<\/div>\n<\/div>\n<\/div>\n<\/div>\n\n\n\n<section class=\"wp-block-cover alignfull\" style=\"margin-top:0px;padding-top:1.01rem;padding-bottom:1.01rem;min-height:750px;aspect-ratio:unset;\"><img loading=\"lazy\" decoding=\"async\" width=\"736\" height=\"740\" class=\"wp-block-cover__image-background wp-image-77 size-full\" alt=\"nettoyage de goutti\u00e8re par Renove toiture \u00e0 saint Fargeau Ponthierry\" src=\"https:\/\/renove-toitures.fr\/wp-content\/uploads\/2026\/02\/14.jpeg\" data-object-fit=\"cover\" srcset=\"https:\/\/renove-toitures.fr\/wp-content\/uploads\/2026\/02\/14.jpeg 736w, https:\/\/renove-toitures.fr\/wp-content\/uploads\/2026\/02\/14-298x300.jpeg 298w, https:\/\/renove-toitures.fr\/wp-content\/uploads\/2026\/02\/14-150x150.jpeg 150w\" sizes=\"auto, (max-width: 736px) 100vw, 736px\" \/><span aria-hidden=\"true\" class=\"wp-block-cover__background has-background-dim-0 has-background-dim\" style=\"background-color:#edf1f2\"><\/span><div class=\"wp-block-cover__inner-container has-global-padding is-layout-constrained wp-container-core-cover-is-layout-08e95c49 wp-block-cover-is-layout-constrained\">\n<div class=\"wp-block-group is-vertical is-content-justification-center is-nowrap is-layout-flex wp-container-core-group-is-layout-36c4bdba wp-block-group-is-layout-flex\" style=\"margin-top:0px;padding-top:0rem;padding-right:1rem;padding-bottom:0rem;padding-left:1rem;font-size:clamp(0.875rem, 0.875rem + ((1vw - 0.2rem) * 0.464), 1.13rem);font-style:normal;font-weight:400;line-height:1.4\">\n<div class=\"wp-block-group has-background has-global-padding is-layout-constrained wp-container-core-group-is-layout-1a95df51 wp-block-group-is-layout-constrained\" style=\"background-color:#fffffd;padding-top:4.21rem;padding-right:2.51rem;padding-bottom:4.51rem;padding-left:2.51rem\">\n<h2 class=\"wp-block-heading has-text-align-center has-text-color\" style=\"color:#010101;margin-bottom:0rem;font-size:clamp(1.502rem, 1.502rem + ((1vw - 0.2rem) * 1.815), 2.5rem);font-style:normal;font-weight:400;line-height:1.2\">Intervention locale et r\u00e9active<\/h2>\n\n\n\n<p class=\"has-text-align-center has-text-color\" style=\"color:#010101;font-size:clamp(0.875rem, 0.875rem + ((1vw - 0.2rem) * 0.609), 1.21rem);line-height:1.5\">En tant qu&rsquo;artisan de proximit\u00e9 \u00e0 <strong>Saint-Fargeau-Ponthierry<\/strong>, nous vous garantissons un travail soign\u00e9 et un chantier propre. Nous intervenons sur pavillons, b\u00e2timents industriels ou immeubles de ville.<\/p>\n\n\n\n<p class=\"has-text-align-center has-text-color has-link-color wp-elements-33853d59009006a26e0ee8008f0ea572\" style=\"color:#000000;margin-top:2.01rem;font-size:clamp(0.879rem, 0.879rem + ((1vw - 0.2rem) * 0.784), 1.31rem);font-style:normal;font-weight:500;text-transform:uppercase\"><strong>Prot\u00e9gez vos fa\u00e7ades d\u00e8s aujourd&rsquo;hui ! <\/strong><\/p>\n\n\n\n<p class=\"has-text-align-center has-text-color has-link-color wp-elements-e8b0bea24c355cb6a245506b82e4ceb7\" style=\"color:#000000;margin-top:2.01rem;font-size:clamp(0.879rem, 0.879rem + ((1vw - 0.2rem) * 0.784), 1.31rem);font-style:normal;font-weight:500;text-transform:uppercase\"><strong>pour une pose ou une r\u00e9paration de goutti\u00e8re rapide.<\/strong><\/p>\n\n\n\n<p class=\"has-text-align-center has-text-color has-link-color wp-elements-3709df8d150407c3a631207c23cf40b1\" style=\"color:#000000;margin-top:2.01rem;font-size:clamp(0.879rem, 0.879rem + ((1vw - 0.2rem) * 0.784), 1.31rem);font-style:normal;font-weight:500;text-transform:uppercase\"><strong>Contactez Paul au 06 50 87 54 83 <\/strong><\/p>\n<\/div>\n<\/div>\n<\/div><\/section>\n","protected":false},"excerpt":{"rendered":"<p>Pose et Remplacement de Goutti\u00e8res \u00e0 Saint-Fargeau-Ponthierry (77) Une \u00e9vacuation des eaux pluviales d\u00e9fectueuse peut causer des dommages graves \u00e0 votre maison : humidit\u00e9 dans les murs, infiltrations en fa\u00e7ade et fragilisation des fondations. RENOVE TOITURE assure l&rsquo;installation, l&rsquo;entretien et la r\u00e9paration de vos syst\u00e8mes de goutti\u00e8res \u00e0 Saint-Fargeau-Ponthierry et dans toute la Seine-et-Marne. Nos [&hellip;]<\/p>\n","protected":false},"author":1,"featured_media":0,"parent":0,"menu_order":0,"comment_status":"closed","ping_status":"closed","template":"","meta":{"footnotes":""},"class_list":["post-34","page","type-page","status-publish","hentry"],"yoast_head":"<!-- This site is optimized with the Yoast SEO plugin v26.9 - https:\/\/yoast.com\/product\/yoast-seo-wordpress\/ -->\n<title>Pose de goutti\u00e8re - Renove toiture<\/title>\n<meta name=\"description\" content=\"Pose de goutti\u00e8re \u00e0 Saint-Fargeau-Ponthierry (77) en zinc, PVC ou aluminium. \u00c9vacuation optimale des eaux pluviales. Devis gratuit.\" \/>\n<meta name=\"robots\" content=\"index, follow, max-snippet:-1, max-image-preview:large, max-video-preview:-1\" \/>\n<link rel=\"canonical\" href=\"https:\/\/renove-toitures.fr\/index.php\/pose-gouttiere-saint-fargeau-ponthierry\/\" \/>\n<meta property=\"og:locale\" content=\"fr_FR\" \/>\n<meta property=\"og:type\" content=\"article\" \/>\n<meta property=\"og:title\" content=\"Pose de goutti\u00e8re - Renove toiture\" \/>\n<meta property=\"og:description\" content=\"Pose de goutti\u00e8re \u00e0 Saint-Fargeau-Ponthierry (77) en zinc, PVC ou aluminium. \u00c9vacuation optimale des eaux pluviales. Devis gratuit.\" \/>\n<meta property=\"og:url\" content=\"https:\/\/renove-toitures.fr\/index.php\/pose-gouttiere-saint-fargeau-ponthierry\/\" \/>\n<meta property=\"og:site_name\" content=\"Renove toiture\" \/>\n<meta property=\"article:modified_time\" content=\"2026-02-09T18:12:26+00:00\" \/>\n<meta property=\"og:image\" content=\"http:\/\/renove-toitures.fr\/wp-content\/uploads\/2026\/02\/Travaux-de-couverture-et-de-zinguerie-a-Saint-Fargeau-77.jpg\" \/>\n<meta name=\"twitter:card\" content=\"summary_large_image\" \/>\n<meta name=\"twitter:label1\" content=\"Dur\u00e9e de lecture estim\u00e9e\" \/>\n\t<meta name=\"twitter:data1\" content=\"3 minutes\" \/>\n<script type=\"application\/ld+json\" class=\"yoast-schema-graph\">{\"@context\":\"https:\/\/schema.org\",\"@graph\":[{\"@type\":\"WebPage\",\"@id\":\"https:\/\/renove-toitures.fr\/index.php\/pose-gouttiere-saint-fargeau-ponthierry\/\",\"url\":\"https:\/\/renove-toitures.fr\/index.php\/pose-gouttiere-saint-fargeau-ponthierry\/\",\"name\":\"Pose de goutti\u00e8re - Renove toiture\",\"isPartOf\":{\"@id\":\"https:\/\/renove-toitures.fr\/#website\"},\"primaryImageOfPage\":{\"@id\":\"https:\/\/renove-toitures.fr\/index.php\/pose-gouttiere-saint-fargeau-ponthierry\/#primaryimage\"},\"image\":{\"@id\":\"https:\/\/renove-toitures.fr\/index.php\/pose-gouttiere-saint-fargeau-ponthierry\/#primaryimage\"},\"thumbnailUrl\":\"http:\/\/renove-toitures.fr\/wp-content\/uploads\/2026\/02\/Travaux-de-couverture-et-de-zinguerie-a-Saint-Fargeau-77.jpg\",\"datePublished\":\"2026-02-08T18:47:29+00:00\",\"dateModified\":\"2026-02-09T18:12:26+00:00\",\"description\":\"Pose de goutti\u00e8re \u00e0 Saint-Fargeau-Ponthierry (77) en zinc, PVC ou aluminium. \u00c9vacuation optimale des eaux pluviales. Devis gratuit.\",\"breadcrumb\":{\"@id\":\"https:\/\/renove-toitures.fr\/index.php\/pose-gouttiere-saint-fargeau-ponthierry\/#breadcrumb\"},\"inLanguage\":\"fr-FR\",\"potentialAction\":[{\"@type\":\"ReadAction\",\"target\":[\"https:\/\/renove-toitures.fr\/index.php\/pose-gouttiere-saint-fargeau-ponthierry\/\"]}]},{\"@type\":\"ImageObject\",\"inLanguage\":\"fr-FR\",\"@id\":\"https:\/\/renove-toitures.fr\/index.php\/pose-gouttiere-saint-fargeau-ponthierry\/#primaryimage\",\"url\":\"http:\/\/renove-toitures.fr\/wp-content\/uploads\/2026\/02\/Travaux-de-couverture-et-de-zinguerie-a-Saint-Fargeau-77.jpg\",\"contentUrl\":\"http:\/\/renove-toitures.fr\/wp-content\/uploads\/2026\/02\/Travaux-de-couverture-et-de-zinguerie-a-Saint-Fargeau-77.jpg\"},{\"@type\":\"BreadcrumbList\",\"@id\":\"https:\/\/renove-toitures.fr\/index.php\/pose-gouttiere-saint-fargeau-ponthierry\/#breadcrumb\",\"itemListElement\":[{\"@type\":\"ListItem\",\"position\":1,\"name\":\"Accueil\",\"item\":\"https:\/\/renove-toitures.fr\/\"},{\"@type\":\"ListItem\",\"position\":2,\"name\":\"Pose de goutti\u00e8re\"}]},{\"@type\":\"WebSite\",\"@id\":\"https:\/\/renove-toitures.fr\/#website\",\"url\":\"https:\/\/renove-toitures.fr\/\",\"name\":\"Renove toiture\",\"description\":\"RENOVE TOITURE, des toits durables, un savoir-faire fiable\",\"publisher\":{\"@id\":\"https:\/\/renove-toitures.fr\/#organization\"},\"potentialAction\":[{\"@type\":\"SearchAction\",\"target\":{\"@type\":\"EntryPoint\",\"urlTemplate\":\"https:\/\/renove-toitures.fr\/?s={search_term_string}\"},\"query-input\":{\"@type\":\"PropertyValueSpecification\",\"valueRequired\":true,\"valueName\":\"search_term_string\"}}],\"inLanguage\":\"fr-FR\"},{\"@type\":\"Organization\",\"@id\":\"https:\/\/renove-toitures.fr\/#organization\",\"name\":\"Renove toiture\",\"url\":\"https:\/\/renove-toitures.fr\/\",\"logo\":{\"@type\":\"ImageObject\",\"inLanguage\":\"fr-FR\",\"@id\":\"https:\/\/renove-toitures.fr\/#\/schema\/logo\/image\/\",\"url\":\"https:\/\/renove-toitures.fr\/wp-content\/uploads\/2026\/01\/Logo-elegant-pour-Renove-Toiture.png\",\"contentUrl\":\"https:\/\/renove-toitures.fr\/wp-content\/uploads\/2026\/01\/Logo-elegant-pour-Renove-Toiture.png\",\"width\":1024,\"height\":1024,\"caption\":\"Renove toiture\"},\"image\":{\"@id\":\"https:\/\/renove-toitures.fr\/#\/schema\/logo\/image\/\"}}]}<\/script>\n<!-- \/ Yoast SEO plugin. -->","yoast_head_json":{"title":"Pose de goutti\u00e8re - Renove toiture","description":"Pose de goutti\u00e8re \u00e0 Saint-Fargeau-Ponthierry (77) en zinc, PVC ou aluminium. \u00c9vacuation optimale des eaux pluviales. Devis gratuit.","robots":{"index":"index","follow":"follow","max-snippet":"max-snippet:-1","max-image-preview":"max-image-preview:large","max-video-preview":"max-video-preview:-1"},"canonical":"https:\/\/renove-toitures.fr\/index.php\/pose-gouttiere-saint-fargeau-ponthierry\/","og_locale":"fr_FR","og_type":"article","og_title":"Pose de goutti\u00e8re - Renove toiture","og_description":"Pose de goutti\u00e8re \u00e0 Saint-Fargeau-Ponthierry (77) en zinc, PVC ou aluminium. \u00c9vacuation optimale des eaux pluviales. Devis gratuit.","og_url":"https:\/\/renove-toitures.fr\/index.php\/pose-gouttiere-saint-fargeau-ponthierry\/","og_site_name":"Renove toiture","article_modified_time":"2026-02-09T18:12:26+00:00","og_image":[{"url":"http:\/\/renove-toitures.fr\/wp-content\/uploads\/2026\/02\/Travaux-de-couverture-et-de-zinguerie-a-Saint-Fargeau-77.jpg","type":"","width":"","height":""}],"twitter_card":"summary_large_image","twitter_misc":{"Dur\u00e9e de lecture estim\u00e9e":"3 minutes"},"schema":{"@context":"https:\/\/schema.org","@graph":[{"@type":"WebPage","@id":"https:\/\/renove-toitures.fr\/index.php\/pose-gouttiere-saint-fargeau-ponthierry\/","url":"https:\/\/renove-toitures.fr\/index.php\/pose-gouttiere-saint-fargeau-ponthierry\/","name":"Pose de goutti\u00e8re - Renove toiture","isPartOf":{"@id":"https:\/\/renove-toitures.fr\/#website"},"primaryImageOfPage":{"@id":"https:\/\/renove-toitures.fr\/index.php\/pose-gouttiere-saint-fargeau-ponthierry\/#primaryimage"},"image":{"@id":"https:\/\/renove-toitures.fr\/index.php\/pose-gouttiere-saint-fargeau-ponthierry\/#primaryimage"},"thumbnailUrl":"http:\/\/renove-toitures.fr\/wp-content\/uploads\/2026\/02\/Travaux-de-couverture-et-de-zinguerie-a-Saint-Fargeau-77.jpg","datePublished":"2026-02-08T18:47:29+00:00","dateModified":"2026-02-09T18:12:26+00:00","description":"Pose de goutti\u00e8re \u00e0 Saint-Fargeau-Ponthierry (77) en zinc, PVC ou aluminium. \u00c9vacuation optimale des eaux pluviales. Devis gratuit.","breadcrumb":{"@id":"https:\/\/renove-toitures.fr\/index.php\/pose-gouttiere-saint-fargeau-ponthierry\/#breadcrumb"},"inLanguage":"fr-FR","potentialAction":[{"@type":"ReadAction","target":["https:\/\/renove-toitures.fr\/index.php\/pose-gouttiere-saint-fargeau-ponthierry\/"]}]},{"@type":"ImageObject","inLanguage":"fr-FR","@id":"https:\/\/renove-toitures.fr\/index.php\/pose-gouttiere-saint-fargeau-ponthierry\/#primaryimage","url":"http:\/\/renove-toitures.fr\/wp-content\/uploads\/2026\/02\/Travaux-de-couverture-et-de-zinguerie-a-Saint-Fargeau-77.jpg","contentUrl":"http:\/\/renove-toitures.fr\/wp-content\/uploads\/2026\/02\/Travaux-de-couverture-et-de-zinguerie-a-Saint-Fargeau-77.jpg"},{"@type":"BreadcrumbList","@id":"https:\/\/renove-toitures.fr\/index.php\/pose-gouttiere-saint-fargeau-ponthierry\/#breadcrumb","itemListElement":[{"@type":"ListItem","position":1,"name":"Accueil","item":"https:\/\/renove-toitures.fr\/"},{"@type":"ListItem","position":2,"name":"Pose de goutti\u00e8re"}]},{"@type":"WebSite","@id":"https:\/\/renove-toitures.fr\/#website","url":"https:\/\/renove-toitures.fr\/","name":"Renove toiture","description":"RENOVE TOITURE, des toits durables, un savoir-faire fiable","publisher":{"@id":"https:\/\/renove-toitures.fr\/#organization"},"potentialAction":[{"@type":"SearchAction","target":{"@type":"EntryPoint","urlTemplate":"https:\/\/renove-toitures.fr\/?s={search_term_string}"},"query-input":{"@type":"PropertyValueSpecification","valueRequired":true,"valueName":"search_term_string"}}],"inLanguage":"fr-FR"},{"@type":"Organization","@id":"https:\/\/renove-toitures.fr\/#organization","name":"Renove toiture","url":"https:\/\/renove-toitures.fr\/","logo":{"@type":"ImageObject","inLanguage":"fr-FR","@id":"https:\/\/renove-toitures.fr\/#\/schema\/logo\/image\/","url":"https:\/\/renove-toitures.fr\/wp-content\/uploads\/2026\/01\/Logo-elegant-pour-Renove-Toiture.png","contentUrl":"https:\/\/renove-toitures.fr\/wp-content\/uploads\/2026\/01\/Logo-elegant-pour-Renove-Toiture.png","width":1024,"height":1024,"caption":"Renove toiture"},"image":{"@id":"https:\/\/renove-toitures.fr\/#\/schema\/logo\/image\/"}}]}},"_links":{"self":[{"href":"https:\/\/renove-toitures.fr\/index.php\/wp-json\/wp\/v2\/pages\/34","targetHints":{"allow":["GET"]}}],"collection":[{"href":"https:\/\/renove-toitures.fr\/index.php\/wp-json\/wp\/v2\/pages"}],"about":[{"href":"https:\/\/renove-toitures.fr\/index.php\/wp-json\/wp\/v2\/types\/page"}],"author":[{"embeddable":true,"href":"https:\/\/renove-toitures.fr\/index.php\/wp-json\/wp\/v2\/users\/1"}],"replies":[{"embeddable":true,"href":"https:\/\/renove-toitures.fr\/index.php\/wp-json\/wp\/v2\/comments?post=34"}],"version-history":[{"count":11,"href":"https:\/\/renove-toitures.fr\/index.php\/wp-json\/wp\/v2\/pages\/34\/revisions"}],"predecessor-version":[{"id":244,"href":"https:\/\/renove-toitures.fr\/index.php\/wp-json\/wp\/v2\/pages\/34\/revisions\/244"}],"wp:attachment":[{"href":"https:\/\/renove-toitures.fr\/index.php\/wp-json\/wp\/v2\/media?parent=34"}],"curies":[{"name":"wp","href":"https:\/\/api.w.org\/{rel}","templated":true}]}}