{"id":36,"date":"2026-02-08T18:48:12","date_gmt":"2026-02-08T18:48:12","guid":{"rendered":"http:\/\/renove-toitures.fr\/?page_id=36"},"modified":"2026-02-09T18:02:23","modified_gmt":"2026-02-09T18:02:23","slug":"pose-de-velux-a-saint-fargeau-ponthierry-77-fenetre-de-toit","status":"publish","type":"page","link":"https:\/\/renove-toitures.fr\/index.php\/pose-de-velux-a-saint-fargeau-ponthierry-77-fenetre-de-toit\/","title":{"rendered":"Pose de velux"},"content":{"rendered":"\n<div class=\"wp-block-cover alignfull is-light\" style=\"min-height:460px;aspect-ratio:unset;\"><img loading=\"lazy\" decoding=\"async\" width=\"600\" height=\"400\" class=\"wp-block-cover__image-background wp-image-92 size-full\" alt=\"\" src=\"https:\/\/renove-toitures.fr\/wp-content\/uploads\/2026\/02\/pose-velux.jpeg\" data-object-fit=\"cover\" srcset=\"https:\/\/renove-toitures.fr\/wp-content\/uploads\/2026\/02\/pose-velux.jpeg 600w, https:\/\/renove-toitures.fr\/wp-content\/uploads\/2026\/02\/pose-velux-300x200.jpeg 300w\" sizes=\"auto, (max-width: 600px) 100vw, 600px\" \/><span aria-hidden=\"true\" class=\"wp-block-cover__background has-background-dim-10 has-background-dim\" style=\"background-color:#9a8c93\"><\/span><div class=\"wp-block-cover__inner-container has-global-padding is-layout-constrained wp-container-core-cover-is-layout-4383d167 wp-block-cover-is-layout-constrained\">\n<h2 class=\"wp-block-heading has-text-align-center has-text-color has-link-color has-suranna-font-family wp-elements-bb7bde3eb3f39f9ec6dff3f3314d9460\" style=\"color:#ffffff;font-size:clamp(33.419px, 2.089rem + ((1vw - 3.2px) * 3.021), 60px);font-style:normal;font-weight:500\">Pose de Velux et Fen\u00eatres de toit<\/h2>\n\n\n\n<p class=\"has-text-color has-link-color has-large-font-size wp-elements-4f41fba8dc2dd22f1a8347230bf41e25\" style=\"color:#f1e8e8\">Apportez de la lumi\u00e8re naturelle \u00e0 vos combles ! RENOVE TOITURE est sp\u00e9cialis\u00e9 dans la cr\u00e9ation d&rsquo;ouvertures et la pose de fen\u00eatres de toit de type Velux.<\/p>\n<\/div><\/div>\n\n\n\n<div class=\"wp-block-group alignfull has-global-padding is-layout-constrained wp-container-core-group-is-layout-4383d167 wp-block-group-is-layout-constrained\">\n<div class=\"wp-block-group alignwide has-global-padding is-layout-constrained wp-container-core-group-is-layout-a62fa364 wp-block-group-is-layout-constrained\" style=\"margin-top:0;margin-bottom:0;padding-top:0px;padding-bottom:0px\">\n<div class=\"wp-block-columns alignwide is-layout-flex wp-container-core-columns-is-layout-9cf8123d wp-block-columns-is-layout-flex\">\n<div class=\"wp-block-column is-layout-flow wp-block-column-is-layout-flow\">\n<figure class=\"wp-block-image size-full\"><img loading=\"lazy\" decoding=\"async\" width=\"600\" height=\"400\" src=\"https:\/\/renove-toitures.fr\/wp-content\/uploads\/2026\/02\/pose-velux.jpg\" alt=\"\" class=\"wp-image-178\" style=\"aspect-ratio:4\/3;object-fit:cover\" srcset=\"https:\/\/renove-toitures.fr\/wp-content\/uploads\/2026\/02\/pose-velux.jpg 600w, https:\/\/renove-toitures.fr\/wp-content\/uploads\/2026\/02\/pose-velux-300x200.jpg 300w\" sizes=\"auto, (max-width: 600px) 100vw, 600px\" \/><\/figure>\n<\/div>\n\n\n\n<div class=\"wp-block-column is-vertically-aligned-center is-layout-flow wp-block-column-is-layout-flow\" style=\"padding-left:15px\">\n<h2 class=\"wp-block-heading has-text-color has-link-color has-suranna-font-family wp-elements-b66da9d6082126d0175aec5ada3e83ba\" style=\"color:#000000;font-size:clamp(24.034px, 1.502rem + ((1vw - 3.2px) * 1.814), 40px);font-style:normal;font-weight:500;line-height:1\">Installateur de Fen\u00eatres de Toit (Velux) \u00e0 Saint-Fargeau-Ponthierry<\/h2>\n\n\n\n<p class=\"has-text-color has-link-color has-outfit-font-family wp-elements-9358e527ec0a76bc5291519725ac07ef\" style=\"color:#000000;font-size:clamp(14px, 0.875rem + ((1vw - 3.2px) * 0.455), 18px);font-style:normal;font-weight:400\">Vous souhaitez apporter plus de lumi\u00e8re naturelle \u00e0 vos combles ? RENOVE TOITURE assure la&nbsp;<strong>pose de Velux \u00e0 Saint-Fargeau-Ponthierry (77)<\/strong>.<\/p>\n\n\n\n<p>Nos services Velux :<\/p>\n\n\n\n<ul class=\"wp-block-list\">\n<li>\u00c9tanch\u00e9it\u00e9 et finitions soign\u00e9es<\/li>\n\n\n\n<li>Cr\u00e9ation d\u2019ouverture en toiture<\/li>\n\n\n\n<li>Pose de fen\u00eatres de toit Velux<\/li>\n\n\n\n<li>Remplacement de Velux existant<\/li>\n<\/ul>\n\n\n\n<div class=\"wp-block-buttons is-content-justification-center is-layout-flex wp-container-core-buttons-is-layout-a89b3969 wp-block-buttons-is-layout-flex\">\n<div class=\"wp-block-button\"><a class=\"wp-block-button__link has-text-color has-background has-link-color has-outfit-font-family has-custom-font-size wp-element-button\" href=\"https:\/\/renove-toitures.fr\/index.php\/contact\/\" style=\"border-radius:0px;color:#ffffff;background-color:#528d8e;padding-top:8px;padding-right:60px;padding-bottom:8px;padding-left:60px;font-size:clamp(14px, 0.875rem + ((1vw - 3.2px) * 0.455), 18px);\">Demander un devis <\/a><\/div>\n<\/div>\n<\/div>\n<\/div>\n\n\n\n<div class=\"wp-block-columns alignwide is-layout-flex wp-container-core-columns-is-layout-24b108c2 wp-block-columns-is-layout-flex\" style=\"padding-top:1px;padding-bottom:1px\">\n<div class=\"wp-block-column is-vertically-aligned-center is-layout-flow wp-block-column-is-layout-flow\" style=\"padding-right:15px\">\n<h2 class=\"wp-block-heading has-text-color has-link-color has-suranna-font-family wp-elements-1f6f7902a49b712d5102ad47e9dbc935\" style=\"color:#000000;font-size:clamp(24.034px, 1.502rem + ((1vw - 3.2px) * 1.814), 40px);font-style:normal;font-weight:500;line-height:1\">Pourquoi nous confier votre pose de Velux ?<\/h2>\n\n\n\n<p class=\"has-text-color has-link-color has-outfit-font-family wp-elements-2e400aef9c082df789191e4b3333e650\" style=\"color:#000000;font-size:clamp(14px, 0.875rem + ((1vw - 3.2px) * 0.455), 18px);font-style:normal;font-weight:400\">Une mauvaise pose de fen\u00eatre de toit est la cause n\u00b01 des fuites. Nous garantissons une \u00e9tanch\u00e9it\u00e9 parfaite gr\u00e2ce \u00e0 des raccords de zinguerie sur mesure.<\/p>\n\n\n\n<ul class=\"wp-block-list\">\n<li>Cr\u00e9ation compl\u00e8te d&rsquo;ouverture dans le toit.<\/li>\n\n\n\n<li>Remplacement d&rsquo;anciens Velux.<\/li>\n\n\n\n<li>Installation de stores et volets roulants solaires.<\/li>\n<\/ul>\n\n\n\n<div class=\"wp-block-buttons is-content-justification-center is-layout-flex wp-container-core-buttons-is-layout-a89b3969 wp-block-buttons-is-layout-flex\">\n<div class=\"wp-block-button\"><a class=\"wp-block-button__link has-text-color has-background has-link-color has-outfit-font-family has-custom-font-size wp-element-button\" href=\"https:\/\/renove-toitures.fr\/index.php\/contact\/\" style=\"border-radius:0px;color:#ffffff;background-color:#528d8e;padding-top:8px;padding-right:60px;padding-bottom:8px;padding-left:60px;font-size:clamp(14px, 0.875rem + ((1vw - 3.2px) * 0.455), 18px);\">Contactez-nous <\/a><\/div>\n<\/div>\n<\/div>\n\n\n\n<div class=\"wp-block-column is-layout-flow wp-block-column-is-layout-flow\">\n<figure class=\"wp-block-image size-full\"><img loading=\"lazy\" decoding=\"async\" width=\"1200\" height=\"805\" src=\"https:\/\/renove-toitures.fr\/wp-content\/uploads\/2026\/02\/Pose-de-fenetre.webp\" alt=\"\" class=\"wp-image-179\" style=\"aspect-ratio:4\/3;object-fit:cover\" srcset=\"https:\/\/renove-toitures.fr\/wp-content\/uploads\/2026\/02\/Pose-de-fenetre.webp 1200w, https:\/\/renove-toitures.fr\/wp-content\/uploads\/2026\/02\/Pose-de-fenetre-300x201.webp 300w, https:\/\/renove-toitures.fr\/wp-content\/uploads\/2026\/02\/Pose-de-fenetre-1024x687.webp 1024w, https:\/\/renove-toitures.fr\/wp-content\/uploads\/2026\/02\/Pose-de-fenetre-768x515.webp 768w\" sizes=\"auto, (max-width: 1200px) 100vw, 1200px\" \/><\/figure>\n<\/div>\n<\/div>\n\n\n\n<div class=\"wp-block-columns alignwide is-layout-flex wp-container-core-columns-is-layout-9cf8123d wp-block-columns-is-layout-flex\">\n<div class=\"wp-block-column is-layout-flow wp-block-column-is-layout-flow\">\n<figure class=\"wp-block-image size-full\"><img loading=\"lazy\" decoding=\"async\" width=\"800\" height=\"798\" src=\"https:\/\/renove-toitures.fr\/wp-content\/uploads\/2026\/02\/IMG_2094-1.jpg\" alt=\"\" class=\"wp-image-76\" style=\"aspect-ratio:4\/3;object-fit:cover\" srcset=\"https:\/\/renove-toitures.fr\/wp-content\/uploads\/2026\/02\/IMG_2094-1.jpg 800w, https:\/\/renove-toitures.fr\/wp-content\/uploads\/2026\/02\/IMG_2094-1-300x300.jpg 300w, https:\/\/renove-toitures.fr\/wp-content\/uploads\/2026\/02\/IMG_2094-1-150x150.jpg 150w, https:\/\/renove-toitures.fr\/wp-content\/uploads\/2026\/02\/IMG_2094-1-768x766.jpg 768w\" sizes=\"auto, (max-width: 800px) 100vw, 800px\" \/><\/figure>\n<\/div>\n\n\n\n<div class=\"wp-block-column is-vertically-aligned-center is-layout-flow wp-block-column-is-layout-flow\" style=\"padding-left:15px\">\n<h2 class=\"wp-block-heading has-text-color has-link-color has-suranna-font-family wp-elements-6f0dbfab089b8430bf8429b27c3c90c2\" style=\"color:#000000;font-size:clamp(24.034px, 1.502rem + ((1vw - 3.2px) * 1.814), 40px);font-style:normal;font-weight:500;line-height:1\">Cr\u00e9ation de fen\u00eatre de toit<\/h2>\n\n\n\n<p class=\"has-text-color has-link-color has-outfit-font-family wp-elements-3a6ffa18f11b8dc2f36680054288d98d\" style=\"color:#000000;font-size:clamp(14px, 0.875rem + ((1vw - 3.2px) * 0.455), 18px);font-style:normal;font-weight:400\">Apportez de la lumi\u00e8re naturelle \u00e0 vos combles ! RENOVE TOITURE est sp\u00e9cialis\u00e9 dans la cr\u00e9ation d&rsquo;ouvertures et la pose de fen\u00eatres de toit de type Velux. <\/p>\n\n\n\n<ul class=\"wp-block-list\">\n<li>De lumi\u00e8re naturelle<\/li>\n\n\n\n<li>Meilleure ventilation<\/li>\n\n\n\n<li>Valorisation du logement<\/li>\n\n\n\n<li>Confort thermique am\u00e9lior\u00e9<\/li>\n<\/ul>\n\n\n\n<p class=\"has-text-color has-link-color has-outfit-font-family wp-elements-885703a8bd633b7e2e99d66c9d124901\" style=\"color:#000000;font-size:clamp(14px, 0.875rem + ((1vw - 3.2px) * 0.455), 18px);font-style:normal;font-weight:400\">\ud83d\udcde&nbsp;<strong>Pose Velux Saint-Fargeau-Ponthierry \u2013 Contactez-nous<\/strong><\/p>\n\n\n\n<div class=\"wp-block-buttons is-content-justification-center is-layout-flex wp-container-core-buttons-is-layout-a89b3969 wp-block-buttons-is-layout-flex\">\n<div class=\"wp-block-button\"><a class=\"wp-block-button__link has-text-color has-background has-link-color has-outfit-font-family has-custom-font-size wp-element-button\" href=\"https:\/\/renove-toitures.fr\/index.php\/contact\/\" style=\"border-radius:0px;color:#ffffff;background-color:#528d8e;padding-top:8px;padding-right:60px;padding-bottom:8px;padding-left:60px;font-size:clamp(14px, 0.875rem + ((1vw - 3.2px) * 0.455), 18px);\">Contact<\/a><\/div>\n<\/div>\n<\/div>\n<\/div>\n<\/div>\n<\/div>\n\n\n\n<section class=\"wp-block-cover alignfull is-light\" style=\"margin-top:0px;padding-top:1.01rem;padding-bottom:1.01rem;min-height:750px;aspect-ratio:unset;\"><img loading=\"lazy\" decoding=\"async\" width=\"683\" height=\"1024\" class=\"wp-block-cover__image-background wp-image-46 size-large\" alt=\"\" src=\"https:\/\/renove-toitures.fr\/wp-content\/uploads\/2026\/02\/Comment-changer-le-joint-mastic-vitrage-_-683x1024.jpeg\" data-object-fit=\"cover\" srcset=\"https:\/\/renove-toitures.fr\/wp-content\/uploads\/2026\/02\/Comment-changer-le-joint-mastic-vitrage-_-683x1024.jpeg 683w, https:\/\/renove-toitures.fr\/wp-content\/uploads\/2026\/02\/Comment-changer-le-joint-mastic-vitrage-_-200x300.jpeg 200w, https:\/\/renove-toitures.fr\/wp-content\/uploads\/2026\/02\/Comment-changer-le-joint-mastic-vitrage-_.jpeg 736w\" sizes=\"auto, (max-width: 683px) 100vw, 683px\" \/><span aria-hidden=\"true\" class=\"wp-block-cover__background has-background-dim-0 has-background-dim\" style=\"background-color:#edf1f2\"><\/span><div class=\"wp-block-cover__inner-container has-global-padding is-layout-constrained wp-container-core-cover-is-layout-08e95c49 wp-block-cover-is-layout-constrained\">\n<div class=\"wp-block-group is-vertical is-content-justification-center is-nowrap is-layout-flex wp-container-core-group-is-layout-36c4bdba wp-block-group-is-layout-flex\" style=\"margin-top:0px;padding-top:0rem;padding-right:1rem;padding-bottom:0rem;padding-left:1rem;font-size:clamp(0.875rem, 0.875rem + ((1vw - 0.2rem) * 0.464), 1.13rem);font-style:normal;font-weight:400;line-height:1.4\">\n<div class=\"wp-block-group has-background has-global-padding is-layout-constrained wp-container-core-group-is-layout-1a95df51 wp-block-group-is-layout-constrained\" style=\"background-color:#fffffd;padding-top:4.21rem;padding-right:2.51rem;padding-bottom:4.51rem;padding-left:2.51rem\">\n<h2 class=\"wp-block-heading has-text-align-center has-text-color\" style=\"color:#010101;margin-bottom:0rem;font-size:clamp(1.888rem, 1.888rem + ((1vw - 0.2rem) * 2.585), 3.31rem);font-style:normal;font-weight:400;line-height:1.2\">Nous contacter<\/h2>\n\n\n\n<p class=\"has-text-align-left has-text-color\" style=\"color:#010101;font-size:clamp(0.875rem, 0.875rem + ((1vw - 0.2rem) * 0.609), 1.21rem);line-height:1.5\"><strong>T\u00e9l\u00e9phone :<\/strong> <a target=\"_blank\" rel=\"noreferrer noopener\" href=\"https:\/\/www.google.com\/search?q=tel:0650875483&amp;authuser=2\">06 50 87 54 83<\/a><\/p>\n\n\n\n<p><strong>Email :<\/strong> paulrenovetoiture@gmail.com<\/p>\n\n\n\n<p class=\"has-text-align-center has-text-color\" style=\"color:#010101;font-size:clamp(0.875rem, 0.875rem + ((1vw - 0.2rem) * 0.609), 1.21rem);line-height:1.5\"><strong>Zone d&rsquo;intervention :<\/strong> Saint-Fargeau-Ponthierry (77310), Pringy, Seine-Port, Le M\u00e9e-sur-Seine, Melun, et toute la Seine-et-Marne.<\/p>\n<\/div>\n<\/div>\n<\/div><\/section>\n","protected":false},"excerpt":{"rendered":"<p>Installateur de Fen\u00eatres de Toit (Velux) \u00e0 Saint-Fargeau-Ponthierry Vous souhaitez apporter plus de lumi\u00e8re naturelle \u00e0 vos combles ? RENOVE TOITURE assure la&nbsp;pose de Velux \u00e0 Saint-Fargeau-Ponthierry (77). Nos services Velux : Pourquoi nous confier votre pose de Velux ? Une mauvaise pose de fen\u00eatre de toit est la cause n\u00b01 des fuites. Nous garantissons [&hellip;]<\/p>\n","protected":false},"author":1,"featured_media":0,"parent":0,"menu_order":0,"comment_status":"closed","ping_status":"closed","template":"","meta":{"footnotes":""},"class_list":["post-36","page","type-page","status-publish","hentry"],"yoast_head":"<!-- This site is optimized with the Yoast SEO plugin v26.9 - https:\/\/yoast.com\/product\/yoast-seo-wordpress\/ -->\n<title>Pose de velux - Renove toiture<\/title>\n<meta name=\"description\" content=\"Installation et remplacement de Velux \u00e0 Saint-Fargeau-Ponthierry. Apport de lumi\u00e8re, \u00e9tanch\u00e9it\u00e9 parfaite. Devis gratuit.\" \/>\n<meta name=\"robots\" content=\"index, follow, max-snippet:-1, max-image-preview:large, max-video-preview:-1\" \/>\n<link rel=\"canonical\" href=\"https:\/\/renove-toitures.fr\/index.php\/pose-de-velux-a-saint-fargeau-ponthierry-77-fenetre-de-toit\/\" \/>\n<meta property=\"og:locale\" content=\"fr_FR\" \/>\n<meta property=\"og:type\" content=\"article\" \/>\n<meta property=\"og:title\" content=\"Pose de velux - Renove toiture\" \/>\n<meta property=\"og:description\" content=\"Installation et remplacement de Velux \u00e0 Saint-Fargeau-Ponthierry. Apport de lumi\u00e8re, \u00e9tanch\u00e9it\u00e9 parfaite. Devis gratuit.\" \/>\n<meta property=\"og:url\" content=\"https:\/\/renove-toitures.fr\/index.php\/pose-de-velux-a-saint-fargeau-ponthierry-77-fenetre-de-toit\/\" \/>\n<meta property=\"og:site_name\" content=\"Renove toiture\" \/>\n<meta property=\"article:modified_time\" content=\"2026-02-09T18:02:23+00:00\" \/>\n<meta property=\"og:image\" content=\"http:\/\/renove-toitures.fr\/wp-content\/uploads\/2026\/02\/pose-velux.jpeg\" \/>\n<meta name=\"twitter:card\" content=\"summary_large_image\" \/>\n<meta name=\"twitter:label1\" content=\"Dur\u00e9e de lecture estim\u00e9e\" \/>\n\t<meta name=\"twitter:data1\" content=\"3 minutes\" \/>\n<script type=\"application\/ld+json\" class=\"yoast-schema-graph\">{\"@context\":\"https:\/\/schema.org\",\"@graph\":[{\"@type\":\"WebPage\",\"@id\":\"https:\/\/renove-toitures.fr\/index.php\/pose-de-velux-a-saint-fargeau-ponthierry-77-fenetre-de-toit\/\",\"url\":\"https:\/\/renove-toitures.fr\/index.php\/pose-de-velux-a-saint-fargeau-ponthierry-77-fenetre-de-toit\/\",\"name\":\"Pose de velux - Renove toiture\",\"isPartOf\":{\"@id\":\"https:\/\/renove-toitures.fr\/#website\"},\"primaryImageOfPage\":{\"@id\":\"https:\/\/renove-toitures.fr\/index.php\/pose-de-velux-a-saint-fargeau-ponthierry-77-fenetre-de-toit\/#primaryimage\"},\"image\":{\"@id\":\"https:\/\/renove-toitures.fr\/index.php\/pose-de-velux-a-saint-fargeau-ponthierry-77-fenetre-de-toit\/#primaryimage\"},\"thumbnailUrl\":\"http:\/\/renove-toitures.fr\/wp-content\/uploads\/2026\/02\/pose-velux.jpeg\",\"datePublished\":\"2026-02-08T18:48:12+00:00\",\"dateModified\":\"2026-02-09T18:02:23+00:00\",\"description\":\"Installation et remplacement de Velux \u00e0 Saint-Fargeau-Ponthierry. Apport de lumi\u00e8re, \u00e9tanch\u00e9it\u00e9 parfaite. Devis gratuit.\",\"breadcrumb\":{\"@id\":\"https:\/\/renove-toitures.fr\/index.php\/pose-de-velux-a-saint-fargeau-ponthierry-77-fenetre-de-toit\/#breadcrumb\"},\"inLanguage\":\"fr-FR\",\"potentialAction\":[{\"@type\":\"ReadAction\",\"target\":[\"https:\/\/renove-toitures.fr\/index.php\/pose-de-velux-a-saint-fargeau-ponthierry-77-fenetre-de-toit\/\"]}]},{\"@type\":\"ImageObject\",\"inLanguage\":\"fr-FR\",\"@id\":\"https:\/\/renove-toitures.fr\/index.php\/pose-de-velux-a-saint-fargeau-ponthierry-77-fenetre-de-toit\/#primaryimage\",\"url\":\"http:\/\/renove-toitures.fr\/wp-content\/uploads\/2026\/02\/pose-velux.jpeg\",\"contentUrl\":\"http:\/\/renove-toitures.fr\/wp-content\/uploads\/2026\/02\/pose-velux.jpeg\"},{\"@type\":\"BreadcrumbList\",\"@id\":\"https:\/\/renove-toitures.fr\/index.php\/pose-de-velux-a-saint-fargeau-ponthierry-77-fenetre-de-toit\/#breadcrumb\",\"itemListElement\":[{\"@type\":\"ListItem\",\"position\":1,\"name\":\"Accueil\",\"item\":\"https:\/\/renove-toitures.fr\/\"},{\"@type\":\"ListItem\",\"position\":2,\"name\":\"Pose de velux\"}]},{\"@type\":\"WebSite\",\"@id\":\"https:\/\/renove-toitures.fr\/#website\",\"url\":\"https:\/\/renove-toitures.fr\/\",\"name\":\"Renove toiture\",\"description\":\"RENOVE TOITURE, des toits durables, un savoir-faire fiable\",\"publisher\":{\"@id\":\"https:\/\/renove-toitures.fr\/#organization\"},\"potentialAction\":[{\"@type\":\"SearchAction\",\"target\":{\"@type\":\"EntryPoint\",\"urlTemplate\":\"https:\/\/renove-toitures.fr\/?s={search_term_string}\"},\"query-input\":{\"@type\":\"PropertyValueSpecification\",\"valueRequired\":true,\"valueName\":\"search_term_string\"}}],\"inLanguage\":\"fr-FR\"},{\"@type\":\"Organization\",\"@id\":\"https:\/\/renove-toitures.fr\/#organization\",\"name\":\"Renove toiture\",\"url\":\"https:\/\/renove-toitures.fr\/\",\"logo\":{\"@type\":\"ImageObject\",\"inLanguage\":\"fr-FR\",\"@id\":\"https:\/\/renove-toitures.fr\/#\/schema\/logo\/image\/\",\"url\":\"https:\/\/renove-toitures.fr\/wp-content\/uploads\/2026\/01\/Logo-elegant-pour-Renove-Toiture.png\",\"contentUrl\":\"https:\/\/renove-toitures.fr\/wp-content\/uploads\/2026\/01\/Logo-elegant-pour-Renove-Toiture.png\",\"width\":1024,\"height\":1024,\"caption\":\"Renove toiture\"},\"image\":{\"@id\":\"https:\/\/renove-toitures.fr\/#\/schema\/logo\/image\/\"}}]}<\/script>\n<!-- \/ Yoast SEO plugin. -->","yoast_head_json":{"title":"Pose de velux - Renove toiture","description":"Installation et remplacement de Velux \u00e0 Saint-Fargeau-Ponthierry. Apport de lumi\u00e8re, \u00e9tanch\u00e9it\u00e9 parfaite. Devis gratuit.","robots":{"index":"index","follow":"follow","max-snippet":"max-snippet:-1","max-image-preview":"max-image-preview:large","max-video-preview":"max-video-preview:-1"},"canonical":"https:\/\/renove-toitures.fr\/index.php\/pose-de-velux-a-saint-fargeau-ponthierry-77-fenetre-de-toit\/","og_locale":"fr_FR","og_type":"article","og_title":"Pose de velux - Renove toiture","og_description":"Installation et remplacement de Velux \u00e0 Saint-Fargeau-Ponthierry. Apport de lumi\u00e8re, \u00e9tanch\u00e9it\u00e9 parfaite. Devis gratuit.","og_url":"https:\/\/renove-toitures.fr\/index.php\/pose-de-velux-a-saint-fargeau-ponthierry-77-fenetre-de-toit\/","og_site_name":"Renove toiture","article_modified_time":"2026-02-09T18:02:23+00:00","og_image":[{"url":"http:\/\/renove-toitures.fr\/wp-content\/uploads\/2026\/02\/pose-velux.jpeg","type":"","width":"","height":""}],"twitter_card":"summary_large_image","twitter_misc":{"Dur\u00e9e de lecture estim\u00e9e":"3 minutes"},"schema":{"@context":"https:\/\/schema.org","@graph":[{"@type":"WebPage","@id":"https:\/\/renove-toitures.fr\/index.php\/pose-de-velux-a-saint-fargeau-ponthierry-77-fenetre-de-toit\/","url":"https:\/\/renove-toitures.fr\/index.php\/pose-de-velux-a-saint-fargeau-ponthierry-77-fenetre-de-toit\/","name":"Pose de velux - Renove toiture","isPartOf":{"@id":"https:\/\/renove-toitures.fr\/#website"},"primaryImageOfPage":{"@id":"https:\/\/renove-toitures.fr\/index.php\/pose-de-velux-a-saint-fargeau-ponthierry-77-fenetre-de-toit\/#primaryimage"},"image":{"@id":"https:\/\/renove-toitures.fr\/index.php\/pose-de-velux-a-saint-fargeau-ponthierry-77-fenetre-de-toit\/#primaryimage"},"thumbnailUrl":"http:\/\/renove-toitures.fr\/wp-content\/uploads\/2026\/02\/pose-velux.jpeg","datePublished":"2026-02-08T18:48:12+00:00","dateModified":"2026-02-09T18:02:23+00:00","description":"Installation et remplacement de Velux \u00e0 Saint-Fargeau-Ponthierry. Apport de lumi\u00e8re, \u00e9tanch\u00e9it\u00e9 parfaite. Devis gratuit.","breadcrumb":{"@id":"https:\/\/renove-toitures.fr\/index.php\/pose-de-velux-a-saint-fargeau-ponthierry-77-fenetre-de-toit\/#breadcrumb"},"inLanguage":"fr-FR","potentialAction":[{"@type":"ReadAction","target":["https:\/\/renove-toitures.fr\/index.php\/pose-de-velux-a-saint-fargeau-ponthierry-77-fenetre-de-toit\/"]}]},{"@type":"ImageObject","inLanguage":"fr-FR","@id":"https:\/\/renove-toitures.fr\/index.php\/pose-de-velux-a-saint-fargeau-ponthierry-77-fenetre-de-toit\/#primaryimage","url":"http:\/\/renove-toitures.fr\/wp-content\/uploads\/2026\/02\/pose-velux.jpeg","contentUrl":"http:\/\/renove-toitures.fr\/wp-content\/uploads\/2026\/02\/pose-velux.jpeg"},{"@type":"BreadcrumbList","@id":"https:\/\/renove-toitures.fr\/index.php\/pose-de-velux-a-saint-fargeau-ponthierry-77-fenetre-de-toit\/#breadcrumb","itemListElement":[{"@type":"ListItem","position":1,"name":"Accueil","item":"https:\/\/renove-toitures.fr\/"},{"@type":"ListItem","position":2,"name":"Pose de velux"}]},{"@type":"WebSite","@id":"https:\/\/renove-toitures.fr\/#website","url":"https:\/\/renove-toitures.fr\/","name":"Renove toiture","description":"RENOVE TOITURE, des toits durables, un savoir-faire fiable","publisher":{"@id":"https:\/\/renove-toitures.fr\/#organization"},"potentialAction":[{"@type":"SearchAction","target":{"@type":"EntryPoint","urlTemplate":"https:\/\/renove-toitures.fr\/?s={search_term_string}"},"query-input":{"@type":"PropertyValueSpecification","valueRequired":true,"valueName":"search_term_string"}}],"inLanguage":"fr-FR"},{"@type":"Organization","@id":"https:\/\/renove-toitures.fr\/#organization","name":"Renove toiture","url":"https:\/\/renove-toitures.fr\/","logo":{"@type":"ImageObject","inLanguage":"fr-FR","@id":"https:\/\/renove-toitures.fr\/#\/schema\/logo\/image\/","url":"https:\/\/renove-toitures.fr\/wp-content\/uploads\/2026\/01\/Logo-elegant-pour-Renove-Toiture.png","contentUrl":"https:\/\/renove-toitures.fr\/wp-content\/uploads\/2026\/01\/Logo-elegant-pour-Renove-Toiture.png","width":1024,"height":1024,"caption":"Renove toiture"},"image":{"@id":"https:\/\/renove-toitures.fr\/#\/schema\/logo\/image\/"}}]}},"_links":{"self":[{"href":"https:\/\/renove-toitures.fr\/index.php\/wp-json\/wp\/v2\/pages\/36","targetHints":{"allow":["GET"]}}],"collection":[{"href":"https:\/\/renove-toitures.fr\/index.php\/wp-json\/wp\/v2\/pages"}],"about":[{"href":"https:\/\/renove-toitures.fr\/index.php\/wp-json\/wp\/v2\/types\/page"}],"author":[{"embeddable":true,"href":"https:\/\/renove-toitures.fr\/index.php\/wp-json\/wp\/v2\/users\/1"}],"replies":[{"embeddable":true,"href":"https:\/\/renove-toitures.fr\/index.php\/wp-json\/wp\/v2\/comments?post=36"}],"version-history":[{"count":14,"href":"https:\/\/renove-toitures.fr\/index.php\/wp-json\/wp\/v2\/pages\/36\/revisions"}],"predecessor-version":[{"id":240,"href":"https:\/\/renove-toitures.fr\/index.php\/wp-json\/wp\/v2\/pages\/36\/revisions\/240"}],"wp:attachment":[{"href":"https:\/\/renove-toitures.fr\/index.php\/wp-json\/wp\/v2\/media?parent=36"}],"curies":[{"name":"wp","href":"https:\/\/api.w.org\/{rel}","templated":true}]}}